on factor of 24125778 and 18.
18
What is the greatest common factor of 3968924 and 1?
1
What is the highest common factor of 1161136 and 3100?
124
What is the greatest common factor of 3876986 and 28225?
1129
Calculate the greatest common factor of 12851572 and 41728.
652
Calculate the highest common divisor of 2032 and 5965444.
508
Calculate the highest common divisor of 52828 and 38612772.
1124
Calculate the highest common divisor of 72 and 41125376.
8
What is the greatest common factor of 565 and 2411533?
113
What is the highest common factor of 6963 and 12709374?
633
Calculate the highest common divisor of 137260644 and 516.
516
What is the highest common divisor of 42583 and 5238?
97
What is the greatest common divisor of 2108730 and 1430?
130
What is the greatest common factor of 28 and 2298957346?
14
Calculate the highest common divisor of 1108010 and 9266430.
6190
What is the greatest common divisor of 298 and 11457802?
298
Calculate the greatest common divisor of 110417 and 92183.
1013
What is the highest common factor of 101029 and 80370199?
3259
Calculate the greatest common factor of 102070 and 45.
5
Calculate the greatest common divisor of 2196 and 8761308.
732
Calculate the greatest common factor of 1446792 and 256.
8
Calculate the highest common divisor of 88 and 16121578.
22
Calculate the highest common divisor of 9469 and 69736957.
557
What is the highest common divisor of 78429 and 34047?
39
Calculate the greatest common divisor of 1317 and 8529.
3
What is the highest common factor of 432 and 1099386?
54
Calculate the highest common factor of 2368 and 4684052.
148
What is the greatest common divisor of 2114 and 3347519?
1057
What is the greatest common divisor of 224 and 7436880?
16
Calculate the highest common divisor of 186 and 442184.
62
What is the highest common factor of 2280 and 721335?
285
Calculate the greatest common factor of 6844812 and 18564.
2652
What is the highest common divisor of 1196 and 37371412?
1196
What is the greatest common factor of 40 and 59993035?
5
What is the greatest common divisor of 4568895 and 495?
45
What is the highest common divisor of 147651 and 110679?
237
What is the greatest common factor of 320623999 and 9254?
661
What is the greatest common factor of 533190140 and 1610?
1610
Calculate the greatest common divisor of 3956 and 3141892.
92
Calculate the highest common factor of 7 and 197958509.
7
What is the highest common factor of 98140 and 14578697?
4907
Calculate the highest common factor of 444696 and 4536.
168
What is the highest common divisor of 112512 and 82626?
1758
What is the highest common divisor of 53114294 and 23620?
2362
What is the greatest common factor of 4896 and 3391164?
36
Calculate the greatest common factor of 2 and 23504894.
2
What is the greatest common divisor of 1512 and 26562968?
8
Calculate the greatest common factor of 665 and 2295.
5
What is the highest common factor of 831621776 and 4624?
4624
What is the highest common divisor of 194500600 and 356?
356
Calculate the highest common factor of 720575328 and 34.
34
What is the greatest common divisor of 14 and 7509971?
7
What is the greatest common divisor of 299634010 and 2210?
2210
What is the greatest common factor of 4360824312 and 1272?
1272
Calculate the greatest common factor of 3289 and 178383998.
299
What is the greatest common divisor of 3550 and 335890?
10
Calculate the highest common divisor of 576 and 3671172.
36
What is the greatest common divisor of 144077241 and 78771?
2541
What is the greatest common factor of 1068072 and 900312?
5592
What is the highest common divisor of 25 and 597475?
25
Calculate the highest common divisor of 541831404 and 229.
229
What is the highest common divisor of 108 and 3284112?
12
What is the highest common divisor of 781625 and 40729?
169
What is the highest common divisor of 4379 and 14152667?
29
Calculate the highest common divisor of 6188 and 27328860.
884
Calculate the greatest common divisor of 119 and 20610919.
119
Calculate the highest common factor of 3392216 and 88.
8
Calculate the greatest common factor of 432 and 26757.
27
What is the greatest common divisor of 53 and 74549429?
53
What is the highest common factor of 7198 and 27702?
2
What is the highest common factor of 5648 and 2492533?
353
What is the highest common divisor of 174746 and 597934?
94
What is the highest common factor of 1413884 and 216?
4
Calculate the greatest common divisor of 167217 and 11540379.
1203
Calculate the greatest common factor of 1653 and 1003827.
57
Calculate the greatest common factor of 754432 and 728.
56
What is the highest common factor of 6183 and 415009143?
6183
What is the greatest common divisor of 24617398 and 58?
2
What is the highest common factor of 2292 and 2190579?
573
What is the highest common divisor of 18051248 and 519614?
7118
What is the highest common factor of 10781868 and 79292?
1844
Calculate the greatest common divisor of 2031 and 50883997.
677
Calculate the greatest common factor of 39 and 2685137.
13
What is the greatest common factor of 15165463 and 754?
29
What is the highest common divisor of 7315 and 12599356?
1463
What is the highest common divisor of 1223 and 167213?
1
Calculate the greatest common factor of 2816 and 213103.
11
Calculate the highest common divisor of 312902084 and 44.
44
Calculate the greatest common divisor of 398322 and 558.
18
What is the greatest common factor of 4559905 and 2128?
133
What is the highest common divisor of 261797956 and 2870?
574
Calculate the highest common factor of 393024 and 145072.
16
Calculate the highest common factor of 7195 and 11370978.
1439
Calculate the greatest common factor of 143191 and 221.
17
What is the greatest common divisor of 24 and 39965766?
6
Calculate the highest common divisor of 597948442 and 182.
182
Calculate the highest common divisor of 4595184 and 36432.
1584
What is the greatest common factor of 204713 and 7790?
41
What is the greatest common divisor of 17 and 56042149?
17
What is the greatest common divisor of 819336 and 3402?
42
Calculate the greatest common factor of 320 and 18547280.
80
What is the greatest common factor of 3318 and 24743985?
1659
What is the highest common factor of 89308 and 252486?
166
What is the greatest common factor of 4494084 and 48?
12
What is the highest common factor of 2250873 and 16929?
171
What is the greatest common divisor of 929673 and 79659?
477
What is the greatest common divisor of 18 and 17318488?
2
Calculate the highest common factor of 2541 and 465927.
231
What is the greatest common divisor of 9300385 and 26265?
515
What is the greatest common divisor of 1400 and 1533200?
200
What is the highest common divisor of 61367 and 1416891?
109
Calculate the highest common divisor of 31200092 and 22.
22
What is the highest common factor of 77775830 and 110?
110
What is the highest common divisor of 869280 and 360?
120
What is the highest common factor of 765934632 and 72?
72
Calculate the highest common divisor of 8330 and 1599938.
34
What is the highest common factor of 18 and 1397340396?
18
Calculate the highest common factor of 1136 and 19508528.
1136
What is the greatest common factor of 44 and 19517168?
44
What is the highest common factor of 160116615 and 60?
15
What is the highest common factor of 58 and 461927834?
58
Calculate the highest common factor of 34327517 and 7102.
3551
What is the highest common factor of 3905 and 168554?
71
Calculate the highest common divisor of 324130477 and 638.
319
What is the greatest common factor of 731 and 8065633?
17
Calculate the highest common factor of 12532240 and 37360.
80
Calculate the greatest common factor of 100660850 and 6665.
215
Calculate the greatest common divisor of 11050 and 3808000.
850
What is the highest common factor of 328644 and 159?
3
What is the greatest common divisor of 579 and 2921441?
193
What is the highest common divisor of 12196542 and 48138?
678
Calculate the highest common divisor of 1038 and 15358594.
346
Calculate the highest common factor of 458 and 68033839.
229
Calculate the highest common divisor of 11670714 and 1980.
198
What is the greatest common divisor of 2808 and 4484400?
24
Calculate the highest common factor of 285 and 297975.
15
Calcula